(base 7) to base 15
1ab
What is 3022314 (base 5) in base 16?
bd4b
30541 (base 10) to base 12
15811
Convert -1021 (base 14) to base 3.
-10210201
Convert 11100110110 (base 2) to base 5.
24341
Convert -b6a (base 12) to base 9.
-2251
What is ab6 (base 12) in base 3?
2011110
1222 (base 6) to base 16
12e
-1112202 (base 3) to base 16
-467
What is -1416 (base 7) in base 13?
-336
Convert -11101222 (base 3) to base 5.
-100322
What is 13063 (base 9) in base 15?
2920
What is 11174 (base 9) in base 16?
1d0e
Convert -734 (base 10) to base 6.
-3222
10355 (base 9) to base 8
15306
Convert -10875 (base 9) to base 12.
-4265
-506 (base 10) to base 5
-4011
Convert 27a7 (base 12) to base 4.
1013233
Convert 3012 (base 5) to base 10.
382
What is -1010010101001011 (base 2) in base 14?
-115c7
What is 34b (base 16) in base 5?
11333
Convert -40 (base 15) to base 5.
-220
Convert 2012000022 (base 3) to base 5.
2334034
Convert 117a2 (base 12) to base 4.
11300222
What is 1099 (base 10) in base 3?
1111201
-11011111011011 (base 2) to base 13
-667c
What is 610 (base 8) in base 11?
327
What is -ca1 (base 14) in base 4?
-212331
Convert 84474 (base 10) to base 5.
10200344
Convert 3226 (base 7) to base 16.
47b
What is -11165 (base 8) in base 12?
-2899
Convert -18d (base 16) to base 13.
-247
What is -20721 (base 8) in base 12?
-5015
Convert -364 (base 15) to base 2.
-1100000001
What is -774 (base 8) in base 12?
-364
2355 (base 7) to base 5
11443
Convert 10002 (base 5) to base 4.
21303
Convert 4234433 (base 5) to base 6.
1305455
211012 (base 3) to base 2
1001010111
Convert 55c (base 13) to base 4.
32122
Convert -122110121 (base 3) to base 7.
-52060
-45b (base 13) to base 7
-2123
1001011010101000 (base 2) to base 13
1472a
What is -12313 (base 4) in base 10?
-439
-442412 (base 6) to base 9
-55518
Convert -2129 (base 10) to base 13.
-c7a
1131220 (base 4) to base 9
8187
Convert -1143 (base 7) to base 13.
-267
Convert -10111000000101 (base 2) to base 13.
-5493
-73c (base 13) to base 2
-10011010010
Convert -cb4 (base 14) to base 7.
-10214
Convert 15573 (base 12) to base 14.
addd
What is 1150 (base 6) in base 5?
2112
Convert -103112 (base 4) to base 6.
-5422
What is -3c9c (base 13) in base 15?
-28d3
-12410 (base 8) to base 10
-5384
1335 (base 9) to base 14
51a
What is 21531 (base 6) in base 10?
3007
Convert -230102 (base 5) to base 10.
-8152
Convert 394 (base 16) to base 12.
644
What is -61141 (base 10) in base 13?
-21aa2
Convert 228 (base 10) to base 15.
103
7a84 (base 13) to base 6
211305
Convert -381 (base 15) to base 13.
-493
10832 (base 13) to base 6
350402
What is a37 (base 12) in base 15?
68d
Convert -4034 (base 6) to base 9.
-1184
What is -739 (base 12) in base 16?
-41d
What is 66 (base 11) in base 3?
2200
-6552 (base 8) to base 3
-11201012
33031 (base 5) to base 7
6415
-110010 (base 4) to base 9
-1676
-244334 (base 6) to base 14
-7cc2
104 (base 7) to base 6
125
Convert 2095 (base 10) to base 5.
31340
What is -336 (base 10) in base 16?
-150
What is 534 (base 8) in base 15?
183
What is 1230323 (base 4) in base 2?
1101100111011
2132212 (base 4) to base 5
311100
What is -2121424 (base 5) in base 12?
-18908
What is -239b (base 12) in base 13?
-1a93
-11030212 (base 4) to base 5
-1140121
Convert -2062 (base 7) to base 4.
-23122
Convert -25b (base 12) to base 9.
-438
Convert 111425 (base 7) to base 16.
4d36
77a0 (base 14) to base 7
114260
70 (base 13) to base 8
133
Convert -3fd (base 16) to base 11.
-849
Convert 12 (base 11) to base 13.
10
Convert -330420 (base 5) to base 9.
-16522
Convert 132 (base 8) to base 10.
90
-11011000110011 (base 2) to base 16
-3633
What is -6646 (base 10) in base 8?
-14766
-5170 (base 13) to base 5
-324440
What is -2566 (base 8) in base 4?
-111312
-1678 (base 10) to base 3
-2022011
Convert -1557 (base 10) to base 13.
-92a
3aa0 (base 12) to base 4
1221120
-542 (base 7) to base 15
-135
Convert -356 (base 8) to base 5.
-1423
What is -1040 (base 7) in base 4?
-11303
Convert 2ad1 (base 16) to base 13.
4cb2
What is -5032 (base 6) in base 7?
-3131
-310324 (base 6) to base 11
-17659
Convert 150241 (base 7) to base 9.
43624
Convert 151 (base 14) to base 5.
2032
Convert -4b2 (base 13) to base 14.
-429
What is -4b39 (base 16) in base 15?
-5a8c
Convert -17604 (base 10) to base 5.
-1030404
What is 1234 (base 7) in base 12?
32a
1000100110111111 (base 2) to base 4
20212333
Convert -1551 (base 11) to base 5.
-30432
Convert -3700a (base 11) to base 9.
-81036
Convert 53 (base 15) to base 16.
4e
-142140 (base 5) to base 16
-1720
Convert 566c (base 16) to base 12.
10978
9e79 (base 15) to base 2
1000001101100111
Convert -11111332 (base 4) to base 2.
-101010101111110
-423641 (base 7) to base 14
-1ca58
What is -5200 (base 8) in base 2?
-101010000000
542 (base 6) to base 8
316
Convert 22001100 (base 3) to base 16.
16ec
Convert 566 (base 11) to base 2.
1010100101
Convert -2542 (base 10) to base 11.
-1a01
Convert 257b (base 14) to base 8.
14661
Convert 5754 (base 9) to base 14.
17a5
Convert 1023 (base 4) to base 7.
135
What is 22121 (base 4) in base 3?
220122
-1ac4 (base 15) to base 11
-4401
Convert 331113 (base 4) to base 5.
111202
What is 2103 (base 6) in base 10?
471
What is 1ea5 (base 15) in base 12?
3a48
101011101100110 (base 2) to base 5
1203444
1034 (base 15) to base 16
d60
Convert 203220 (base 5) to base 14.
2617
What is 1412 (base 15) in base 6?
31512
What is 13204 (base 5) in base 9?
1401
2236 (base 11) to base 5
43233
Convert -dc7 (base 15) to base 5.
-44422
What is 2229 (base 11) in base 2?
101101110111
Convert 7022 (base 10) to base 13.
3272
What is -6a58 (base 11) in base 9?
-13627
-11100011011101 (base 2) to base 13
-681a
Convert -46222 (base 8) to base 11.
-13800
-3743 (base 11) to base 8
-11427
What is 1704 (base 12) in base 5?
41430
-12 (base 7) to base 9
-10
Convert -88 (base 10) to base 13.
-6a
What is 3372 (base 8) in base 10?
1786
What is -100001010010 (base 2) in base 9?
-2826
Convert 441 (base 8) to base 7.
562
Convert -17435 (base 8) to base 4.
-1330131
What is -4bc3 (base 13) in base 11?
-8134
c1e (base 16) to base 6
22210
What is -4768 (base 16) in base 13?
-8422
What is 7251 (base 8) in base 5?
110003
-1101111000 (base 2) to base 15
-3e3
What is -6423 (base 8) in base 12?
-1b2b
Convert -2672 (base 11) to base 15.
-1062
-222 (base 15) to base 7
-1256
What is 2212111 (base 3) in base 8?
4054
-31321 (base 5) to base 7
-6040
1842 (base 9) to base 15
645
What is -9ac7 (base 13) in base 5?
-1143001
3cc (base 16) to base 7
2556
Convert 591 (base 14) to base 15.
4dc
-111120 (base 3) to base 10
-366
Convert -212021 (base 3) to base 13.
-394
What is -1051 (base 6) in base 15?
-117
-1495 (base 11) to base 16
-77f
What is 684 (base 10) in base 11?
572
Convert -4532 (base 7) to base 5.
-23030
4012 (base 5) to base 9
623
What is 6565 (base 8) in base 5?
102240
-595 (base 11) to base 9
-867
Convert -204 (base 6) to base 16.
-4c
-1a88b (base 12) to base 9
-58778
What is 201211 (base 4) in base 13?
c94
Convert -15546 (base 8) to base 6.
-52250
What is -614 (base 10) in base 8?
-1146
-3441333 (base 5) to base 6
-1155245
Convert 2372 (base 9) to base 14.
902
What is -4009 (base 11) in base 16?
-14d5
Convert -1186 (base 9) to base 4.
-31320
Convert 12221 (base 7) to base 4.
302000
What is -10130 (base 5) in base 8?
-1231
210212 (base 3) to base 14
302
Convert -23467 (base 12) to base 2.
-1011100011001111
What is -313233 (base 4) in base 10?
-3567
What is 34125 (base 6) in base 14?
1a73
Convert 4595 (base 10) to base 3.
20022012
What is 3b46 (base 16) in base 11?
10445
What is -210210 (base 4) in base 7?
-6552
Convert 111 (base 9) to base 14.
67
Convert -712 (base 12) to base 13.
-608
What is 4330 (base 6) in base 16?
3de
602d (base 14) to base 6
204225
99e (base 16) to base 10
2462
What is 515a (base 13) in base 5?
324404
What is -528 (base 10) in base 16?
-210
-100010010010 (base 2) to base 9
-3007
Convert 21034 (base 7) to base 14.
1c54
-1b130 (base 12) to base 5
-2234144
3ac8 (base 15) to base 8
30423
3495 (base 10) to base 11
2698
100101110111 (base 2) to base 3
10022202
Convert -1741 (base 8) to base 2.
-1111100001
What is -1f45 (base 16) in base 12?
-4771
Convert -11100011100100 (base 2) to base 7.
-60314
Convert 5014 (base 10) to base 12.
2a9a
2493 (base 11) to base 2
